{"id":2213,"date":"2017-09-29T10:17:32","date_gmt":"2017-09-29T10:17:32","guid":{"rendered":"https:\/\/elementor3.thembay.com\/puca\/?post_type=product&#038;p=2213"},"modified":"2025-03-02T13:46:26","modified_gmt":"2025-03-02T13:46:26","slug":"ao-thun-nam-ke-soc-ngang","status":"publish","type":"product","link":"https:\/\/8288.matbao.website\/index.php\/product\/ao-thun-nam-ke-soc-ngang\/","title":{"rendered":"\u00c1o thun nam k\u1ebb s\u1ecdc ngang"},"content":{"rendered":"<h3><strong>Ch\u1ea5t Li\u1ec7u M\u1ec1m M\u1ea1i, Tho\u1ea3i M\u00e1i<\/strong><\/h3>\n<p>Chi\u1ebfc \u00e1o thun \u0111\u01b0\u1ee3c l\u00e0m t\u1eeb ch\u1ea5t li\u1ec7u cotton ho\u1eb7c v\u1ea3i thun cao c\u1ea5p, mang \u0111\u1ebfn s\u1ef1 m\u1ec1m m\u1ea1i v\u00e0 tho\u00e1ng kh\u00ed, gi\u00fap b\u1ea1n lu\u00f4n c\u1ea3m th\u1ea5y d\u1ec5 ch\u1ecbu ngay c\u1ea3 trong nh\u1eefng ng\u00e0y n\u1eafng n\u00f3ng. Kh\u1ea3 n\u0103ng co gi\u00e3n v\u00e0 th\u1ea5m h\u00fat m\u1ed3 h\u00f4i t\u1ed1t khi\u1ebfn \u00e1o tr\u1edf th\u00e0nh l\u1ef1a ch\u1ecdn l\u00fd t\u01b0\u1edfng cho c\u00e1c ho\u1ea1t \u0111\u1ed9ng th\u01b0\u1eddng ng\u00e0y hay nh\u1eefng chuy\u1ebfn d\u1ea1o ph\u1ed1.<\/p>\n<h3><strong>D\u1ec5 D\u00e0ng Ph\u1ed1i \u0110\u1ed3<\/strong><\/h3>\n<p>\u00c1o thun k\u1ebb s\u1ecdc ngang l\u00e0 m\u00f3n \u0111\u1ed3 th\u1eddi trang c\u1ef1c k\u1ef3 linh ho\u1ea1t, d\u1ec5 d\u00e0ng k\u1ebft h\u1ee3p v\u1edbi qu\u1ea7n jeans, qu\u1ea7n kaki ho\u1eb7c qu\u1ea7n short \u0111\u1ec3 t\u1ea1o n\u00ean phong c\u00e1ch n\u0103ng \u0111\u1ed9ng, tho\u1ea3i m\u00e1i. \u0110\u1ed1i v\u1edbi nh\u1eefng d\u1ecbp c\u1ea7n s\u1ef1 g\u1ecdn g\u00e0ng h\u01a1n, b\u1ea1n c\u00f3 th\u1ec3 ph\u1ed1i \u00e1o v\u1edbi blazer ho\u1eb7c \u00e1o kho\u00e1c nh\u1eb9 \u0111\u1ec3 th\u00eam ph\u1ea7n l\u1ecbch s\u1ef1 m\u00e0 kh\u00f4ng m\u1ea5t \u0111i s\u1ef1 tr\u1ebb trung.<\/p>\n<h3><strong>Ph\u00f9 H\u1ee3p M\u1ecdi Ho\u00e0n C\u1ea3nh<\/strong><\/h3>\n<p>D\u00f9 b\u1ea1n \u0111i l\u00e0m, \u0111i ch\u01a1i hay d\u1ea1o ph\u1ed1, \u00e1o thun nam k\u1ebb s\u1ecdc ngang \u0111\u1ec1u \u0111\u00e1p \u1ee9ng \u0111\u01b0\u1ee3c nhu c\u1ea7u v\u1ec1 c\u1ea3 th\u1ea9m m\u1ef9 v\u00e0 s\u1ef1 tho\u1ea3i m\u00e1i. \u0110\u00e2y l\u00e0 m\u00f3n \u0111\u1ed3 &#8220;must-have&#8221; trong t\u1ee7 qu\u1ea7n \u00e1o c\u1ee7a c\u00e1c ch\u00e0ng trai hi\u1ec7n \u0111\u1ea1i.<\/p>\n<p>H\u00e3y s\u1edf h\u1eefu ngay chi\u1ebfc \u00e1o n\u00e0y \u0111\u1ec3 n\u00e2ng t\u1ea7m phong c\u00e1ch c\u00e1 nh\u00e2n!<\/p>\n","protected":false},"excerpt":{"rendered":"<p>\u00c1o thun nam k\u1ebb s\u1ecdc ngang l\u00e0 m\u1ed9t trong nh\u1eefng items kh\u00f4ng bao gi\u1edd l\u1ed7i m\u1ed1t, ph\u00f9 h\u1ee3p v\u1edbi m\u1ecdi l\u1ee9a tu\u1ed5i v\u00e0 phong c\u00e1ch. V\u1edbi c\u00e1c \u0111\u01b0\u1eddng k\u1ebb ngang tinh t\u1ebf, chi\u1ebfc \u00e1o mang l\u1ea1i v\u1ebb ngo\u00e0i n\u0103ng \u0111\u1ed9ng, tr\u1ebb trung nh\u01b0ng v\u1eabn gi\u1eef \u0111\u01b0\u1ee3c n\u00e9t l\u1ecbch l\u00e3m. H\u1ecda ti\u1ebft k\u1ebb ngang \u0111a d\u1ea1ng v\u1ec1 m\u00e0u s\u1eafc, t\u1eeb t\u00f4ng m\u00e0u trung t\u00ednh \u0111\u1ebfn c\u00e1c gam m\u00e0u t\u01b0\u01a1i s\u00e1ng, gi\u00fap b\u1ea1n d\u1ec5 d\u00e0ng ch\u1ecdn l\u1ef1a ph\u00f9 h\u1ee3p v\u1edbi c\u00e1 t\u00ednh ri\u00eang.<\/p>\n","protected":false},"featured_media":2168,"comment_status":"open","ping_status":"closed","template":"","meta":[],"product_cat":[34,49,43],"product_tag":[51,27,29],"class_list":{"0":"post-2213","1":"product","2":"type-product","3":"status-publish","4":"has-post-thumbnail","6":"product_cat-ao-khoac","7":"product_cat-mat-kinh","8":"product_cat-men","9":"product_tag-giay","10":"product_tag-phu-kien","11":"product_tag-vali","12":"yith_product_brand-big-c","15":"instock","16":"shipping-taxable","17":"purchasable","18":"product-type-variable","19":"has-default-attributes"},"_links":{"self":[{"href":"https:\/\/8288.matbao.website\/index.php\/wp-json\/wp\/v2\/product\/2213"}],"collection":[{"href":"https:\/\/8288.matbao.website\/index.php\/wp-json\/wp\/v2\/product"}],"about":[{"href":"https:\/\/8288.matbao.website\/index.php\/wp-json\/wp\/v2\/types\/product"}],"replies":[{"embeddable":true,"href":"https:\/\/8288.matbao.website\/index.php\/wp-json\/wp\/v2\/comments?post=2213"}],"wp:featuredmedia":[{"embeddable":true,"href":"https:\/\/8288.matbao.website\/index.php\/wp-json\/wp\/v2\/media\/2168"}],"wp:attachment":[{"href":"https:\/\/8288.matbao.website\/index.php\/wp-json\/wp\/v2\/media?parent=2213"}],"wp:term":[{"taxonomy":"product_cat","embeddable":true,"href":"https:\/\/8288.matbao.website\/index.php\/wp-json\/wp\/v2\/product_cat?post=2213"},{"taxonomy":"product_tag","embeddable":true,"href":"https:\/\/8288.matbao.website\/index.php\/wp-json\/wp\/v2\/product_tag?post=2213"}],"curies":[{"name":"wp","href":"https:\/\/api.w.org\/{rel}","templated":true}]}}